-6). Suppose -341 = -6*p - y. Calculate the highest common divisor of p and 2.
1
Let a = 99 - 233. Let z = 50 - a. Calculate the highest common divisor of z and 23.
23
Let h(i) = -i**3 - 7*i**2 + 19*i + 17. Let v be h(-9). Suppose -y - v = -34. Let t = 20 - -6. Calculate the highest common factor of t and y.
26
Let q be 25806/1012 + 6/(-4). Let r be (-4)/(-2) + 58*1. Calculate the highest common divisor of q and r.
12
Suppose -3*c = -3*b - 90, -77 = -4*c + 2*b + 33. Let v(p) = p + 131. Let l be v(c). Calculate the greatest common factor of l and 4.
4
Suppose 5*k - 38683 = -32*k + 6087. Calculate the greatest common factor of 550 and k.
110
Let k(r) = -r**3 - 10*r**2 - 8*r + 10. Let c be k(-9). Let t = 159 + -74. Suppose 49 - t = -4*y. Calculate the highest common factor of y and c.
1
Suppose 0 = 5*w + 174 - 748 - 551. What is the greatest common divisor of w and 975?
75
Let l be 0/2 + (4 - 2). Let u be 9 - (-3 - l/(-2)*5). Let m = u + 48. What is the greatest common divisor of m and 22?
11
Let r be 1807800/8908 + (-1)/(-17). What is the greatest common divisor of 38773 and r?
203
Suppose 4*p + 4*f - 2792 = 0, 0 = p - 4*f - 1092 + 374. Calculate the greatest common factor of p and 130.
26
Suppose -8*l + 228 = -150 + 42. Calculate the highest common divisor of 6846 and l.
42
Suppose -8*d + 129 - 1 = 0. Calculate the highest common factor of 792 and d.
8
Let k be (-2634)/(-294) + 32/784. Calculate the greatest common factor of k and 2961.
9
Let w = -14682 + 14724. What is the greatest common divisor of 11634 and w?
42
Suppose 4*v - t = 4629, 2*v + 4*t - 5*t = 2315. What is the highest common divisor of v and 356?
89
Let q(v) = 9*v**2 + 3*v - 5*v + 10 + 7 + 7*v + 0*v - v**3. Let k be q(7). Calculate the greatest common factor of k and 210.
30
Let n(d) = d**3 + 5*d**2 + 3*d + 4. Let a be n(-4). Suppose 0 = -105*j + 363*j + 306*j - 19176. What is the greatest common divisor of a and j?
2
Suppose b = 49*g - 53*g + 2091, -3*g - 4*b = -1578. What is the greatest common factor of 144 and g?
18
Let q = 255 + -115. Let g = 830 - 800. Calculate the greatest common divisor of g and q.
10
Let b(r) = -6*r - 12. Let t be b(-15). Suppose 3*i + 3*i = t. Calculate the highest common factor of i and 4.
1
Let v = 83 + -81. Suppose 5*p + 708 = 4*y + v*p, 4*y + 2*p - 708 = 0. Suppose y + 147 = 6*i. Calculate the greatest common factor of 36 and i.
18
Suppose -4*q = 3*q - 14. Suppose -3*z + 16 = q*p - 17, 5*p + 3*z = 87. Let l be 4/p - (4 - 331/9). What is the greatest common factor of l and 11?
11
Suppose 9*j = 8*j + 8. Suppose -4*z = -3*z - j. Let h be z/(-12) - (-510)/9. What is the greatest common divisor of 8 and h?
8
Let r(s) = -4*s**3 + s**2 - 8*s - 8. Let q be r(-1). Suppose 8*w - 5*w - 125 = -q*c, -4*c + 164 = 4*w. Calculate the greatest common factor of w and 260.
20
Suppose -3*h = 3*f - 153, -5*f = -142 + 112. Calculate the highest common factor of 1095 and h.
15
Suppose -145*k + 140*k = 630. Let n be (-3)/(-30)*-5*k. What is the greatest common divisor of 18 and n?
9
Suppose -133 = -5*v - 2*v. Let t be 0 - 3 - (-9 - (-3)/1). Suppose 3*u + 3*w = 6*u - 213, -4*w - 208 = -t*u. Calculate the highest common factor of v and u.
19
Let i = -33 - -51. Suppose 144 = 27*c - i. Calculate the greatest common divisor of 46 and c.
2
Let j be ((-1742)/(-156))/((-276)/216 + 8/6). What is the greatest common factor of 9514 and j?
67
Suppose 2*w - 4*w = -8. Let s be (0 + 0)*11/(-22). Suppose -42 = -w*p - 3*r, -p + 5*r + s*r = -22. What is the greatest common factor of 24 and p?
12
Let v be 1836/42 - 4/(-14). Suppose -64 = -3*s + v. Let x = 878 - 869. Calculate the greatest common factor of x and s.
9
Let x be 1 - (-1*12 + 1). Let q be (12/(-3))/((-6)/x). Let j be -4 + 1/1 - -15. What is the greatest common factor of q and j?
4
Suppose -26*j + 110*j = 23940. Calculate the greatest common divisor of 114 and j.
57
Suppose 4*v - m - 929 = -v, 0 = -v - 5*m + 191. Suppose -8*o - 786 = -v. Let t = 132 + o. Calculate the highest common divisor of 19 and t.
19
Suppose 40*m = -19*m + 413. Calculate the greatest common divisor of 1883 and m.
7
Let v(y) = -710*y + 5980. Let c be v(8). Calculate the greatest common divisor of 12 and c.
12
Suppose a - 5*d = 91, 0 = 2*a + 4*d - 0*d - 112. Suppose -715 = -71*x + a*x. What is the greatest common factor of 26 and x?
13
Let r(y) = -3*y**3 + 3*y**2. Suppose 0 = -4*s + 8*s - 8. Let k be r(s). Let q = k - -16. Calculate the highest common divisor of q and 28.
4
Suppose 0 = -25*i + 831 + 44. Let v(n) = 15*n + 3*n**2 + 17*n - 42*n + 10. Let r be v(10). Calculate the highest common divisor of i and r.
35
Suppose 26*n + 915 = 31*n - u, -2*u = 4*n - 732. What is the greatest common divisor of n and 1037?
61
Let c = 8503 - 8495. Calculate the greatest common divisor of c and 2084.
4
Let i(k) = 18*k - 171. Let a be i(63). Calculate the highest common factor of a and 749.
107
Let x = -405 + 573. Let q be 4*(-6)/48 + 270/4. Suppose -k - q - 34 = -4*m, 0 = -m + 5*k + 49. What is the highest common factor of x and m?
24
Let o(g) = g**3 + 1. Let f be o(2). Suppose 0 = -13*x - 367 + 835. What is the highest common divisor of f and x?
9
Suppose 5*q + 0*q = 5*y + 280, -4*y = -q + 230. Let j = 34 + y. Let h = j - -84. Calculate the greatest common factor of h and 15.
15
Let x = -10156 - -10342. Calculate the greatest common divisor of 42 and x.
6
Suppose 0 = 2*v - 3*o - 384, 5*v + 0*v - 934 = o. Suppose 9*u - 480 = v. What is the greatest common factor of 148 and u?
74
Suppose -32265 = -664*z - 141*z + 47430. Suppose 2*q + 0*q = 132. Calculate the greatest common factor of z and q.
33
Let z be (-38)/4*(-18)/1. Suppose 5*i + s - 542 = -42, -2*s = 0. Suppose i = 5*p + l, 0*p - 63 = -2*p - 5*l. Calculate the highest common factor of p and z.
19
Suppose 0 = -0*r + 19*r - 228. Let v = 25 - 43. Let k be (-6 - 0)/1*v. Calculate the highest common factor of r and k.
12
Suppose 61*c - 145 = 282. Suppose 2*h + h = -2*a + 68, a - 2*h - 34 = 0. Suppose -428 = -c*m + a. What is the highest common factor of m and 44?
22
Suppose 0*d - 2*d + 2887 = 3*h, 964 = h - d. Let j = -943 + h. Let v(b) = b**3 + b**2 - 3*b - 2. Let l be v(3). What is the highest common divisor of j and l?
5
Suppose -5*z + 16 + 119 = 0. Let s(v) = 16*v**2 + 21 - 15*v**2 + z. Let h be s(0). What is the highest common factor of h and 12?
12
Suppose -18*n + 207 = -117. What is the greatest common factor of 142 and n?
2
Suppose -12*b + 27094 = 7*b. What is the greatest common factor of 23 and b?
23
Let x = 251 + -80. Let y = -5181 - -5199. What is the highest common factor of y and x?
9
Let y = 9 + 5. Let s = 9812 + -9126. What is the highest common divisor of y and s?
14
Let f be (-40)/32 + (-923)/4. Let g = f + 62. Let w = g - -262. What is the highest common divisor of 230 and w?
46
Let v = 484 + -194. Suppose p - 22 = -3*r, -p + 6 = 14. Calculate the highest common factor of r and v.
10
Let x(i) = 15*i**2 - 5*i + 14. Let j be x(2). Suppose 0 = 4*d - 2*f - j, 5*f = -d + 4*d - 48. What is the greatest common divisor of 24 and d?
8
Let d = 15494 + -15450. Let c = 11 - -1. What is the highest common factor of c and d?
4
Suppose 9*v + 515 = -988. Let l = 496 + v. Calculate the highest common factor of l and 47.
47
Let o be ((-14)/(-4) + (-6)/(-8))/((-1)/(-96)). Calculate the highest common factor of 648 and o.
24
Suppose 11*l - 2*l = -69 + 141. Let r be 2042/4 + (-6)/(-4). Calculate the greatest common factor of l and r.
8
Let i be -4 - 0 - -9 - (5 + (-145 - -2)). What is the highest common factor of 182 and i?
13
Suppose 202 = 3*k + l, -3*k - 8*l + 4*l + 205 = 0. Suppose -4*y = -778 - 562. What is the highest common divisor of k and y?
67
Let a = -3890 - -4094. What is the greatest common divisor of a and 336?
12
Let i be (-1)/(-11) + (-240828)/(-671). Suppose f + i = 2*p, -55 = -p - 2*f + 137. Calculate the greatest common factor of p and 130.
26
Let v(r) = 39*r + 28. Let i be v(-2). Let c = -15 - i. Calculate the highest common divisor of 455 and c.
35
Suppose -240 = 101*z - 107*z. Calculate the highest common divisor of z and 540.
20
Let a be ((-3)/(-12))/(1/(-8)). Let u(b) = -31*b - 29. Let n be u(a). Calculate the highest common divisor of n and 77.
11
Let r(i) = 57*i - 151. Let p(k) = -59*k + 149. L